{"id":397,"date":"2018-02-08T14:20:20","date_gmt":"2018-02-08T13:20:20","guid":{"rendered":"https:\/\/ventilazione-residenziale.it\/energy-smart\/"},"modified":"2019-07-05T17:45:13","modified_gmt":"2019-07-05T15:45:13","slug":"vue-densemble","status":"publish","type":"page","link":"https:\/\/ventilazione-residenziale.it\/fr\/","title":{"rendered":"Vue d&rsquo;ensemble"},"content":{"rendered":"","protected":false},"excerpt":{"rendered":"<p> [&#8230;]<\/p>\n<p><a class=\"btn btn-secondary understrap-read-more-link\" href=\"https:\/\/ventilazione-residenziale.it\/fr\/\">Lire la suite&#8230;<\/a><\/p>\n","protected":false},"author":1,"featured_media":0,"parent":1328,"menu_order":0,"comment_status":"closed","ping_status":"closed","template":"page-templates\/home.php","meta":[],"acf":[],"yoast_head":"<!-- This site is optimized with the Yoast SEO plugin v17.6 - https:\/\/yoast.com\/wordpress\/plugins\/seo\/ -->\n<title>Home - Ventilation r\u00e9sidentielle - Energy smart - Sabiana<\/title>\n<meta name=\"description\" content=\"Ventilation r\u00e9sidentielle - Energy Smart. L\u2019air de chez soi. L\u2019air que nous respirons. Un bien-\u00eatre quotidien. Nous accordons de plus en plus d\u2019attention \u00e0 la fa\u00e7on dont nous nous nourrissons, en choisissant soigneusement les aliments et les modes de cuisson les plus sains. Mais \u00e0 quel point l\u2019air que nous respirons dans nos habitations est-il sain et pur\u00a0?\" \/>\n<meta name=\"robots\" content=\"index, follow, max-snippet:-1, max-image-preview:large, max-video-preview:-1\" \/>\n<link rel=\"canonical\" href=\"https:\/\/ventilazione-residenziale.it\/fr\/\" \/>\n<meta property=\"og:locale\" content=\"fr_FR\" \/>\n<meta property=\"og:type\" content=\"article\" \/>\n<meta property=\"og:title\" content=\"Home - Ventilation r\u00e9sidentielle - Energy smart - Sabiana\" \/>\n<meta property=\"og:description\" content=\"Ventilation r\u00e9sidentielle - Energy Smart. L\u2019air de chez soi. L\u2019air que nous respirons. Un bien-\u00eatre quotidien. Nous accordons de plus en plus d\u2019attention \u00e0 la fa\u00e7on dont nous nous nourrissons, en choisissant soigneusement les aliments et les modes de cuisson les plus sains. Mais \u00e0 quel point l\u2019air que nous respirons dans nos habitations est-il sain et pur\u00a0?\" \/>\n<meta property=\"og:url\" content=\"https:\/\/ventilazione-residenziale.it\/fr\/\" \/>\n<meta property=\"og:site_name\" content=\"Ventilazione Residenziale - Energy smart - Sabiana\" \/>\n<meta property=\"article:modified_time\" content=\"2019-07-05T15:45:13+00:00\" \/>\n<meta name=\"twitter:card\" content=\"summary_large_image\" \/>\n<script type=\"application\/ld+json\" class=\"yoast-schema-graph\">{\"@context\":\"https:\/\/schema.org\",\"@graph\":[{\"@type\":\"WebSite\",\"@id\":\"https:\/\/ventilazione-residenziale.it\/#website\",\"url\":\"https:\/\/ventilazione-residenziale.it\/\",\"name\":\"Ventilazione Residenziale - Energy smart - Sabiana\",\"description\":\"Ventilazione Residenziale ad alta efficenza\",\"potentialAction\":[{\"@type\":\"SearchAction\",\"target\":{\"@type\":\"EntryPoint\",\"urlTemplate\":\"https:\/\/ventilazione-residenziale.it\/?s={search_term_string}\"},\"query-input\":\"required name=search_term_string\"}],\"inLanguage\":\"fr-FR\"},{\"@type\":\"WebPage\",\"@id\":\"https:\/\/ventilazione-residenziale.it\/fr\/#webpage\",\"url\":\"https:\/\/ventilazione-residenziale.it\/fr\/\",\"name\":\"Home - Ventilation r\\u00e9sidentielle - Energy smart - Sabiana\",\"isPartOf\":{\"@id\":\"https:\/\/ventilazione-residenziale.it\/#website\"},\"datePublished\":\"2018-02-08T13:20:20+00:00\",\"dateModified\":\"2019-07-05T15:45:13+00:00\",\"description\":\"Ventilation r\\u00e9sidentielle - Energy Smart. L\\u2019air de chez soi. L\\u2019air que nous respirons. Un bien-\\u00eatre quotidien. Nous accordons de plus en plus d\\u2019attention \\u00e0 la fa\\u00e7on dont nous nous nourrissons, en choisissant soigneusement les aliments et les modes de cuisson les plus sains. Mais \\u00e0 quel point l\\u2019air que nous respirons dans nos habitations est-il sain et pur\\u00a0?\",\"breadcrumb\":{\"@id\":\"https:\/\/ventilazione-residenziale.it\/fr\/#breadcrumb\"},\"inLanguage\":\"fr-FR\",\"potentialAction\":[{\"@type\":\"ReadAction\",\"target\":[\"https:\/\/ventilazione-residenziale.it\/fr\/\"]}]},{\"@type\":\"BreadcrumbList\",\"@id\":\"https:\/\/ventilazione-residenziale.it\/fr\/#breadcrumb\",\"itemListElement\":[{\"@type\":\"ListItem\",\"position\":1,\"name\":\"Home\",\"item\":\"https:\/\/ventilazione-residenziale.it\/fr\/\"},{\"@type\":\"ListItem\",\"position\":2,\"name\":\"Energy Smart\",\"item\":\"https:\/\/ventilazione-residenziale.it\/fr\/energy-smart\/\"},{\"@type\":\"ListItem\",\"position\":3,\"name\":\"Vue d&rsquo;ensemble\"}]}]}<\/script>\n<!-- \/ Yoast SEO plugin. -->","yoast_head_json":{"title":"Home - Ventilation r\u00e9sidentielle - Energy smart - Sabiana","description":"Ventilation r\u00e9sidentielle - Energy Smart. L\u2019air de chez soi. L\u2019air que nous respirons. Un bien-\u00eatre quotidien. Nous accordons de plus en plus d\u2019attention \u00e0 la fa\u00e7on dont nous nous nourrissons, en choisissant soigneusement les aliments et les modes de cuisson les plus sains. Mais \u00e0 quel point l\u2019air que nous respirons dans nos habitations est-il sain et pur\u00a0?","robots":{"index":"index","follow":"follow","max-snippet":"max-snippet:-1","max-image-preview":"max-image-preview:large","max-video-preview":"max-video-preview:-1"},"canonical":"https:\/\/ventilazione-residenziale.it\/fr\/","og_locale":"fr_FR","og_type":"article","og_title":"Home - Ventilation r\u00e9sidentielle - Energy smart - Sabiana","og_description":"Ventilation r\u00e9sidentielle - Energy Smart. L\u2019air de chez soi. L\u2019air que nous respirons. Un bien-\u00eatre quotidien. Nous accordons de plus en plus d\u2019attention \u00e0 la fa\u00e7on dont nous nous nourrissons, en choisissant soigneusement les aliments et les modes de cuisson les plus sains. Mais \u00e0 quel point l\u2019air que nous respirons dans nos habitations est-il sain et pur\u00a0?","og_url":"https:\/\/ventilazione-residenziale.it\/fr\/","og_site_name":"Ventilazione Residenziale - Energy smart - Sabiana","article_modified_time":"2019-07-05T15:45:13+00:00","twitter_card":"summary_large_image","schema":{"@context":"https:\/\/schema.org","@graph":[{"@type":"WebSite","@id":"https:\/\/ventilazione-residenziale.it\/#website","url":"https:\/\/ventilazione-residenziale.it\/","name":"Ventilazione Residenziale - Energy smart - Sabiana","description":"Ventilazione Residenziale ad alta efficenza","potentialAction":[{"@type":"SearchAction","target":{"@type":"EntryPoint","urlTemplate":"https:\/\/ventilazione-residenziale.it\/?s={search_term_string}"},"query-input":"required name=search_term_string"}],"inLanguage":"fr-FR"},{"@type":"WebPage","@id":"https:\/\/ventilazione-residenziale.it\/fr\/#webpage","url":"https:\/\/ventilazione-residenziale.it\/fr\/","name":"Home - Ventilation r\u00e9sidentielle - Energy smart - Sabiana","isPartOf":{"@id":"https:\/\/ventilazione-residenziale.it\/#website"},"datePublished":"2018-02-08T13:20:20+00:00","dateModified":"2019-07-05T15:45:13+00:00","description":"Ventilation r\u00e9sidentielle - Energy Smart. L\u2019air de chez soi. L\u2019air que nous respirons. Un bien-\u00eatre quotidien. Nous accordons de plus en plus d\u2019attention \u00e0 la fa\u00e7on dont nous nous nourrissons, en choisissant soigneusement les aliments et les modes de cuisson les plus sains. Mais \u00e0 quel point l\u2019air que nous respirons dans nos habitations est-il sain et pur\u00a0?","breadcrumb":{"@id":"https:\/\/ventilazione-residenziale.it\/fr\/#breadcrumb"},"inLanguage":"fr-FR","potentialAction":[{"@type":"ReadAction","target":["https:\/\/ventilazione-residenziale.it\/fr\/"]}]},{"@type":"BreadcrumbList","@id":"https:\/\/ventilazione-residenziale.it\/fr\/#breadcrumb","itemListElement":[{"@type":"ListItem","position":1,"name":"Home","item":"https:\/\/ventilazione-residenziale.it\/fr\/"},{"@type":"ListItem","position":2,"name":"Energy Smart","item":"https:\/\/ventilazione-residenziale.it\/fr\/energy-smart\/"},{"@type":"ListItem","position":3,"name":"Vue d&rsquo;ensemble"}]}]}},"_links":{"self":[{"href":"https:\/\/ventilazione-residenziale.it\/fr\/wp-json\/wp\/v2\/pages\/397"}],"collection":[{"href":"https:\/\/ventilazione-residenziale.it\/fr\/wp-json\/wp\/v2\/pages"}],"about":[{"href":"https:\/\/ventilazione-residenziale.it\/fr\/wp-json\/wp\/v2\/types\/page"}],"author":[{"embeddable":true,"href":"https:\/\/ventilazione-residenziale.it\/fr\/wp-json\/wp\/v2\/users\/1"}],"replies":[{"embeddable":true,"href":"https:\/\/ventilazione-residenziale.it\/fr\/wp-json\/wp\/v2\/comments?post=397"}],"version-history":[{"count":7,"href":"https:\/\/ventilazione-residenziale.it\/fr\/wp-json\/wp\/v2\/pages\/397\/revisions"}],"predecessor-version":[{"id":1384,"href":"https:\/\/ventilazione-residenziale.it\/fr\/wp-json\/wp\/v2\/pages\/397\/revisions\/1384"}],"up":[{"embeddable":true,"href":"https:\/\/ventilazione-residenziale.it\/fr\/wp-json\/wp\/v2\/pages\/1328"}],"wp:attachment":[{"href":"https:\/\/ventilazione-residenziale.it\/fr\/wp-json\/wp\/v2\/media?parent=397"}],"curies":[{"name":"wp","href":"https:\/\/api.w.org\/{rel}","templated":true}]}}

<!-- This site is optimized with the Yoast SEO plugin v17.6 - https://yoast.com/wordpress/plugins/seo/ -->
<title>Home - Ventilation résidentielle - Energy smart - Sabiana</title>
<meta name="description" content="Ventilation résidentielle - Energy Smart. L’air de chez soi. L’air que nous respirons. Un bien-être quotidien. Nous accordons de plus en plus d’attention à la façon dont nous nous nourrissons, en choisissant soigneusement les aliments et les modes de cuisson les plus sains. Mais à quel point l’air que nous respirons dans nos habitations est-il sain et pur ?" />
<meta name="robots" content="index, follow, max-snippet:-1, max-image-preview:large, max-video-preview:-1" />
<link rel="canonical" href="https://ventilazione-residenziale.it/fr/" />
<meta property="og:locale" content="fr_FR" />
<meta property="og:type" content="article" />
<meta property="og:title" content="Home - Ventilation résidentielle - Energy smart - Sabiana" />
<meta property="og:description" content="Ventilation résidentielle - Energy Smart. L’air de chez soi. L’air que nous respirons. Un bien-être quotidien. Nous accordons de plus en plus d’attention à la façon dont nous nous nourrissons, en choisissant soigneusement les aliments et les modes de cuisson les plus sains. Mais à quel point l’air que nous respirons dans nos habitations est-il sain et pur ?" />
<meta property="og:url" content="https://ventilazione-residenziale.it/fr/" />
<meta property="og:site_name" content="Ventilazione Residenziale - Energy smart - Sabiana" />
<meta property="article:modified_time" content="2019-07-05T15:45:13+00:00" />
<meta name="twitter:card" content="summary_large_image" />
<script type="application/ld+json" class="yoast-schema-graph">{"@context":"https://schema.org","@graph":[{"@type":"WebSite","@id":"https://ventilazione-residenziale.it/#website","url":"https://ventilazione-residenziale.it/","name":"Ventilazione Residenziale - Energy smart - Sabiana","description":"Ventilazione Residenziale ad alta efficenza","potentialAction":[{"@type":"SearchAction","target":{"@type":"EntryPoint","urlTemplate":"https://ventilazione-residenziale.it/?s={search_term_string}"},"query-input":"required name=search_term_string"}],"inLanguage":"fr-FR"},{"@type":"WebPage","@id":"https://ventilazione-residenziale.it/fr/#webpage","url":"https://ventilazione-residenziale.it/fr/","name":"Home - Ventilation r\u00e9sidentielle - Energy smart - Sabiana","isPartOf":{"@id":"https://ventilazione-residenziale.it/#website"},"datePublished":"2018-02-08T13:20:20+00:00","dateModified":"2019-07-05T15:45:13+00:00","description":"Ventilation r\u00e9sidentielle - Energy Smart. L\u2019air de chez soi. L\u2019air que nous respirons. Un bien-\u00eatre quotidien. Nous accordons de plus en plus d\u2019attention \u00e0 la fa\u00e7on dont nous nous nourrissons, en choisissant soigneusement les aliments et les modes de cuisson les plus sains. Mais \u00e0 quel point l\u2019air que nous respirons dans nos habitations est-il sain et pur\u00a0?","breadcrumb":{"@id":"https://ventilazione-residenziale.it/fr/#breadcrumb"},"inLanguage":"fr-FR","potentialAction":[{"@type":"ReadAction","target":["https://ventilazione-residenziale.it/fr/"]}]},{"@type":"BreadcrumbList","@id":"https://ventilazione-residenziale.it/fr/#breadcrumb","itemListElement":[{"@type":"ListItem","position":1,"name":"Home","item":"https://ventilazione-residenziale.it/fr/"},{"@type":"ListItem","position":2,"name":"Energy Smart","item":"https://ventilazione-residenziale.it/fr/energy-smart/"},{"@type":"ListItem","position":3,"name":"Vue d&rsquo;ensemble"}]}]}</script>
<!-- / Yoast SEO plugin. -->

Home - Ventilation résidentielle - Energy smart - Sabiana

Ventilation résidentielle - Energy Smart. L’air de chez soi. L’air que nous respirons. Un bien-être quotidien. Nous accordons de plus en plus d’attention à la façon dont nous nous nourrissons, en choisissant soigneusement les aliments et les modes de cuisson les plus sains. Mais à quel point l’air que nous respirons dans nos habitations est-il sain et pur ?
